
2, 349, 8291
What are the prime factors of 803786029?
10909, 73681
List the prime factors of 99645.
3, 5, 7, 13, 73
List the prime factors of 176824742.
2, 88412371
List the prime factors of 20608850.
2, 5, 29, 61, 233
What are the prime factors of 450928299?
3, 150309433
List the prime factors of 9120277.
9120277
List the prime factors of 80461981.
23, 523, 6689
What are the prime factors of 430600901?
41, 10502461
List the prime factors of 100901089.
1451, 69539
What are the prime factors of 124331737?
124331737
What are the prime factors of 2912962894?
2, 163, 8935469
List the prime factors of 29548104.
2, 3, 1231171
List the prime factors of 156967017.
3, 52322339
What are the prime factors of 21506424?
2, 3, 896101
List the prime factors of 37351274.
2, 229, 81553
What are the prime factors of 3582271323?
3, 398030147
What are the prime factors of 77946717?
3, 17, 193, 7919
List the prime factors of 1688535610.
2, 5, 43, 3926827
What are the prime factors of 292464757?
13, 23, 31, 139, 227
List the prime factors of 2339192319.
3, 779730773
What are the prime factors of 2470390759?
23279, 106121
What are the prime factors of 220076951?
17, 12945703
What are the prime factors of 24319795?
5, 4863959
List the prime factors of 1924884220.
2, 5, 7, 3389, 4057
What are the prime factors of 1194168569?
11, 108560779
List the prime factors of 159033188.
2, 39758297
What are the prime factors of 12397038?
2, 3, 2066173
What are the prime factors of 27791325?
3, 5, 123517
What are the prime factors of 180610342?
2, 11, 8209561
List the prime factors of 2217559311.
3, 11, 47, 476587
What are the prime factors of 1885628886?
2, 3, 314271481
What are the prime factors of 356560013?
10781, 33073
What are the prime factors of 4574709019?
59, 643, 120587
List the prime factors of 1420414117.
3919, 362443
What are the prime factors of 606788688?
2, 3, 11, 1149221
What are the prime factors of 360789966?
2, 3, 31, 646577
List the prime factors of 1199830.
2, 5, 119983
List the prime factors of 381148966.
2, 11, 17324953
What are the prime factors of 694859342?
2, 137, 2535983
What are the prime factors of 534878667?
3, 17, 613, 1901
What are the prime factors of 2793051981?
3, 31, 67, 149417
What are the prime factors of 137545688?
2, 7, 47, 52259
What are the prime factors of 4457146814?
2, 2228573407
List the prime factors of 3194626447.
3194626447
List the prime factors of 528700375.
5, 7, 107, 5647
What are the prime factors of 38188502?
2, 11, 761, 2281
What are the prime factors of 9716477241?
3, 19, 37, 43, 307, 349
What are the prime factors of 905539765?
5, 13, 17, 819493
List the prime factors of 92813656.
2, 13, 892439
List the prime factors of 283707376.
2, 2357, 7523
List the prime factors of 21278222.
2, 7, 229, 6637
List the prime factors of 1077192596.
2, 269298149
List the prime factors of 353325.
3, 5, 7, 673
List the prime factors of 120635384.
2, 31, 486433
List the prime factors of 72566663.
13, 467, 11953
List the prime factors of 745467081.
3, 5749, 43223
List the prime factors of 115034347.
115034347
List the prime factors of 27160027.
27160027
List the prime factors of 316021774.
2, 223, 708569
List the prime factors of 677738795.
5, 1933, 70123
What are the prime factors of 7395777836?
2, 353, 607, 8629
List the prime factors of 3690223886.
2, 1845111943
What are the prime factors of 491820403?
491820403
List the prime factors of 2770359785.
5, 7237, 76561
What are the prime factors of 34419995?
5, 43, 160093
What are the prime factors of 758049900?
2, 3, 5, 1489, 1697
What are the prime factors of 72064001?
43, 1039, 1613
What are the prime factors of 73774496?
2, 1151, 2003
What are the prime factors of 73571284?
2, 18392821
List the prime factors of 373429423.
373429423
What are the prime factors of 101478286?
2, 7, 13, 557573
What are the prime factors of 117081681?
3, 127, 307301
List the prime factors of 578468097.
3, 131, 490643
What are the prime factors of 199259874?
2, 3, 11, 37, 59, 461
What are the prime factors of 22323980?
2, 5, 7, 159457
List the prime factors of 815942042.
2, 19, 1973, 10883
What are the prime factors of 914376336?
2, 3, 59, 61, 67, 79
What are the prime factors of 562549348?
2, 140637337
List the prime factors of 2309447358.
2, 3, 128302631
What are the prime factors of 587311125?
3, 5, 1566163
List the prime factors of 1647633451.
23, 43, 113, 641
List the prime factors of 64256558.
2, 223, 144073
What are the prime factors of 118126239?
3, 7, 11, 269, 1901
What are the prime factors of 1180285?
5, 113, 2089
List the prime factors of 529824523.
1433, 369731
List the prime factors of 3375113548.
2, 843778387
What are the prime factors of 641313492?
2, 3, 31, 1723961
What are the prime factors of 1216944399?
3, 11, 211, 174773
List the prime factors of 2236148456.
2, 19, 827, 17789
List the prime factors of 6851796958.
2, 47, 6221, 11717
List the prime factors of 17417502.
2, 3, 461, 2099
List the prime factors of 1250793530.
2, 5, 7, 17, 109, 9643
What are the prime factors of 85491415?
5, 17098283
List the prime factors of 3582021.
3, 67, 71, 251
List the prime factors of 75982011.
3, 7, 3618191
What are the prime factors of 1492017026?
2, 746008513
List the prime factors of 1571870476.
2, 11, 35724329
What are the prime factors of 689203862?
2, 344601931
What are the prime factors of 224924998?
2, 37, 631, 4817
What are the prime factors of 234797695?
5, 11, 4269049
List the prime factors of 37389909.
3, 41, 303983
List the prime factors of 184485770.
2, 5, 7, 109, 24179
What are the prime factors of 99662493?
3, 7, 4745833
What are the prime factors of 9044993?
9044993
What are the prime factors of 131750804?
2, 32937701
List the prime factors of 2381545072.
2, 571, 260677
List the prime factors of 152388862.
2, 71, 113, 9497
List the prime factors of 1110827989.
19, 2477, 23603
List the prime factors of 46422697.
46422697
List the prime factors of 822851069.
19, 379, 114269
What are the prime factors of 79908205?
5, 13, 19, 89, 727
What are the prime factors of 195637562?
2, 97818781
List the prime factors of 3506358761.
37, 43, 109, 20219
What are the prime factors of 5615824326?
2, 3, 7, 133710103
List the prime factors of 95849947.
23, 4167389
List the prime factors of 1189455405.
3, 5, 17, 4664531
List the prime factors of 1195937856.
2, 3, 41, 89, 569
List the prime factors of 37417458.
2, 3, 13, 23, 20857
What are the prime factors of 1265189076?
2, 3, 53, 663097
What are the prime factors of 109126281?
3, 11, 17, 194521
What are the prime factors of 178714698?
2, 3, 113, 263591
List the prime factors of 224133496.
2, 397, 70571
What are the prime factors of 62664764?
2, 31, 107, 4723
List the prime factors of 73898726.
2, 11, 3359033
What are the prime factors of 500535734?
2, 19, 31, 424903
What are the prime factors of 199628482?
2, 3719, 26839
List the prime factors of 574724427.
3, 7393, 25913
What are the prime factors of 3147017215?
5, 19, 29, 599, 1907
What are the prime factors of 723389729?
17, 131, 137, 2371
What are the prime factors of 1819311592?
2, 7, 23, 201787
List the prime factors of 1822880027.
1847, 986941
List the prime factors of 2120418857.
17, 5843, 21347
List the prime factors of 137064488.
2, 11, 1557551
List the prime factors of 899847956.
2, 7, 4591061
List the prime factors of 2863872957.
3, 11, 61, 683, 2083
What are the prime factors of 1124916258?
2, 3, 187486043
What are the prime factors of 545822684?
2, 11, 761, 16301
List the prime factors of 1529835450.
2, 3, 5, 11, 13, 73, 977
What are the prime factors of 2079433?
2079433
List the prime factors of 163838047.
1097, 149351
List the prime factors of 93762326.
2, 7, 41, 379, 431
List the prime factors of 158738651.
158738651
What are the prime factors of 507591219?
3, 17, 59, 9923
List the prime factors of 58779554.
2, 1213, 24229
What are the prime factors of 174230282?
2, 87115141
List the prime factors of 369309501.
3, 11, 173, 21563
List the prime factors of 3696255023.
31, 119234033
List the prime factors of 684870790.
2, 5, 61, 1122739
What are the prime factors of 785881813?
37, 21240049
List the prime factors of 4374960977.
4374960977
What are the prime factors of 42475808?
2, 1327369
Wha